802.
2801
What is the remainder when 6922 is divided by 6869?
53
Calculate the remainder when 780289 is divided by 909.
367
What is the remainder when 82750 is divided by 64?
62
Calculate the remainder when 1515808 is divided by 2147.
26
What is the remainder when 324387 is divided by 102?
27
Calculate the remainder when 6464877 is divided by 18848.
13
What is the remainder when 71419033 is divided by 680?
673
Calculate the remainder when 212029742 is divided by 4000561.
9
Calculate the remainder when 411917 is divided by 1716.
77
Calculate the remainder when 10695095 is divided by 534754.
15
What is the remainder when 298405 is divided by 1639?
107
What is the remainder when 136695031 is divided by 122?
9
What is the remainder when 1048919 is divided by 2445?
14
Calculate the remainder when 5300071 is divided by 663.
49
What is the remainder when 544091 is divided by 608?
539
Calculate the remainder when 1051 is divided by 428.
195
What is the remainder when 581478 is divided by 581313?
165
Calculate the remainder when 80886 is divided by 2304.
246
What is the remainder when 2966395 is divided by 494390?
55
What is the remainder when 85053103 is divided by 25?
3
What is the remainder when 33420047 is divided by 2?
1
Calculate the remainder when 18776998 is divided by 1500.
1498
Calculate the remainder when 138563 is divided by 15.
8
What is the remainder when 19489156 is divided by 19489147?
9
What is the remainder when 16419064 is divided by 10641?
1
What is the remainder when 2787587 is divided by 132742?
5
What is the remainder when 238839 is divided by 224?
55
What is the remainder when 14578644 is divided by 905?
904
Calculate the remainder when 1036414 is divided by 70.
64
What is the remainder when 390906 is divided by 14918?
3038
Calculate the remainder when 2815812 is divided by 9386.
12
What is the remainder when 10094744 is divided by 49?
9
Calculate the remainder when 421909 is divided by 1592.
29
What is the remainder when 2761 is divided by 436?
145
What is the remainder when 25938487 is divided by 178?
149
What is the remainder when 203099699 is divided by 203099694?
5
What is the remainder when 910218813 is divided by 78?
75
What is the remainder when 123952 is divided by 2027?
305
What is the remainder when 1055666 is divided by 263878?
154
What is the remainder when 4019325 is divided by 1339636?
417
What is the remainder when 6234633 is divided by 356?
5
Calculate the remainder when 280812937 is divided by 289.
18
Calculate the remainder when 45725 is divided by 2642.
811
Calculate the remainder when 18661 is divided by 4341.
1297
What is the remainder when 6576684 is divided by 41?
38
What is the remainder when 1096999 is divided by 206?
49
What is the remainder when 246406 is divided by 6125?
1406
What is the remainder when 925116 is divided by 694?
14
What is the remainder when 3463960 is divided by 543?
163
Calculate the remainder when 38932 is divided by 38816.
116
Calculate the remainder when 278772 is divided by 1048.
4
What is the remainder when 5215306 is divided by 1043057?
21
Calculate the remainder when 46921341 is divided by 465.
51
What is the remainder when 5773349 is divided by 417?
401
Calculate the remainder when 485414 is divided by 161783.
65
What is the remainder when 75739629 is divided by 3?
0
What is the remainder when 144903879 is divided by 48?
39
Calculate the remainder when 2781704 is divided by 1621.
68
Calculate the remainder when 26742 is divided by 345.
177
Calculate the remainder when 245098 is divided by 1282.
236
What is the remainder when 64224354 is divided by 16056085?
14
What is the remainder when 5055057 is divided by 63988?
5
Calculate the remainder when 533429 is divided by 4302.
4283
Calculate the remainder when 1130488 is divided by 4.
0
What is the remainder when 121902 is divided by 20285?
192
Calculate the remainder when 1132317 is divided by 21.
18
What is the remainder when 451930 is divided by 112430?
2210
Calculate the remainder when 875959 is divided by 50.
9
Calculate the remainder when 34364682 is divided by 11.
0
What is the remainder when 1080870 is divided by 222?
174
Calculate the remainder when 34907 is divided by 3156.
191
Calculate the remainder when 11831506 is divided by 54.
52
What is the remainder when 8868720 is divided by 410?
10
Calculate the remainder when 226639 is divided by 3148.
3131
Calculate the remainder when 7706468 is divided by 1284411.
2
Calculate the remainder when 1714739 is divided by 2419.
2087
Calculate the remainder when 4110 is divided by 437.
177
Calculate the remainder when 133446067 is divided by 5495.
5487
What is the remainder when 212643967 is divided by 82?
9
What is the remainder when 602403385 is divided by 177?
169
What is the remainder when 83870690 is divided by 5926?
12
Calculate the remainder when 1127035 is divided by 10632.
43
What is the remainder when 83318 is divided by 2879?
2706
Calculate the remainder when 509322 is divided by 509246.
76
Calculate the remainder when 4934766 is divided by 36020.
26
Calculate the remainder when 223515 is divided by 1983.
1419
Calculate the remainder when 385808 is divided by 217.
199
Calculate the remainder when 13824219 is divided by 1.
0
What is the remainder when 134522 is divided by 67097?
328
What is the remainder when 17688 is divided by 8839?
10
Calculate the remainder when 3429660 is divided by 38.
8
Calculate the remainder when 125589887 is divided by 492.
491
Calculate the remainder when 20153 is divided by 3573.
2288
What is the remainder when 381036 is divided by 977?
6
Calculate the remainder when 41699 is divided by 10148.
1107
What is the remainder when 559139 is divided by 55862?
519
Calculate the remainder when 92937 is divided by 2998.
2997
What is the remainder when 148625049 is divided by 14?
13
Calculate the remainder when 232905 is divided by 3311.
1135
What is the remainder when 1485129 is divided by 3898?
3889
Calculate the remainder when 1452281 is divided by 992.
985
Calculate the remainder when 42219 is divided by 20978.
263
Calculate the remainder when 35317554 is divided by 18.
6
Calculate the remainder when 213266 is divided by 123.
107
Calculate the remainder when 7234330 is divided by 1282.
4
What is the remainder when 19468314 is divided by 14?
12
What is the remainder when 2422568 is divided by 406?
372
What is the remainder when 534955 is divided by 4050?
355
Calculate the remainder when 1831050 is divided by 261551.
193
What is the remainder when 8368 is divided by 134?
60
Calculate the remainder when 613486 is divided by 1325.
11
Calculate the remainder when 252314878 is divided by 1920.
1918
Calculate the remainder when 984056 is divided by 328013.
17
What is the remainder when 43992397 is divided by 41?
12
What is the remainder when 32123 is divided by 4580?
63
What is the remainder when 2998674 is divided by 216?
162
What is the remainder when 5036421 is divided by 12?
9
Calculate the remainder when 617749 is divided by 180.
169
Calculate the remainder when 11886082 is divided by 2060.
1942
Calculate the remainder when 8862556 is divided by 115098.
10
What is the remainder when 322522 is divided by 107474?
100
Calculate the remainder when 136467 is divided by 68210.
47
Calculate the remainder when 249512 is divided by 12366.
2192
What is the remainder when 1146069 is divided by 442?
405
What is the remainder when 177078 is divided by 25154?
1000
Calculate the remainder when 9360353 is divided by 565.
563
What is the remainder when 78824 is divided by 10060?
8404
Calculate the remainder when 345051413 is divided by 6103.
6102
Calculate the remainder when 74576720 is divided by 66.
20
Calculate the remainder when 100408837 is divided by 71.
69
Calculate the remainder when 289302 is divided by 1179.
447
What is the remainder when 32781773 is divided by 2295?
2288
What is the remainder when 56107 is divided by 2702?
2067
Calculate the remainder when 32394 is divided by 5398.
6
Calculate the remainder when 106693 is divided by 275.
268
Calculate the remainder when 25532980 is divided by 176089.
75
What is the remainder when 187129 is divided by 16962?
547
What is the remainder when 3884219 is divided by 95?
49
Calculate the remainder when 1334105